8732 and 244.
4
What is the highest common divisor of 504376164 and 193?
193
What is the highest common divisor of 1012660 and 13684?
44
What is the highest common factor of 15 and 167744805?
15
Calculate the highest common divisor of 50 and 21669820.
10
Calculate the greatest common factor of 805 and 10680390.
35
What is the greatest common divisor of 459 and 4208180?
17
What is the greatest common factor of 17105586 and 114?
114
What is the greatest common factor of 330 and 90881670?
330
Calculate the highest common factor of 15459 and 509.
1
Calculate the greatest common factor of 3846 and 12108.
6
What is the greatest common divisor of 2665080 and 26136?
792
What is the greatest common divisor of 26752 and 12910348?
836
Calculate the greatest common factor of 228 and 304418076.
228
What is the greatest common divisor of 284 and 152369692?
284
Calculate the highest common factor of 21129360 and 1008.
336
Calculate the highest common divisor of 815 and 56492540.
815
Calculate the greatest common factor of 5626135 and 4304.
269
Calculate the highest common factor of 47955079 and 51.
17
What is the highest common factor of 151552 and 16983?
37
Calculate the highest common divisor of 25079 and 528277.
809
What is the greatest common factor of 92080 and 717040?
80
What is the greatest common factor of 225262380 and 840?
420
Calculate the greatest common divisor of 1309 and 428813.
77
What is the greatest common factor of 12964 and 13414499?
3241
What is the highest common divisor of 10119284 and 1972?
68
Calculate the greatest common divisor of 2315092 and 4641156.
10972
Calculate the highest common divisor of 43459654 and 37338.
1778
What is the highest common divisor of 108 and 9845?
1
What is the highest common divisor of 3068020 and 22270?
1310
Calculate the highest common factor of 55432 and 35943596.
676
What is the highest common divisor of 177 and 25107627?
177
Calculate the highest common factor of 46681919 and 757.
757
Calculate the highest common divisor of 1406 and 13219138.
74
What is the highest common factor of 549 and 31898913?
183
Calculate the highest common factor of 14300312 and 592.
8
What is the highest common factor of 3604135728 and 2027?
2027
What is the greatest common factor of 5665 and 8889518?
1133
Calculate the highest common factor of 445 and 243254800.
445
Calculate the highest common divisor of 9471566 and 52.
26
Calculate the greatest common divisor of 133 and 14349997.
19
Calculate the highest common divisor of 15691830 and 26334.
462
What is the greatest common divisor of 976345 and 3565?
155
What is the highest common factor of 17004 and 310296?
12
What is the greatest common factor of 9053016 and 4648?
56
What is the highest common factor of 431 and 185726951?
431
Calculate the greatest common factor of 9234 and 146539989.
513
What is the highest common divisor of 2782477540 and 10?
10
Calculate the greatest common divisor of 15315098 and 4424.
158
Calculate the greatest common factor of 12126258 and 24.
6
What is the highest common divisor of 4086 and 1876303458?
4086
Calculate the greatest common divisor of 2272632 and 516.
12
What is the greatest common divisor of 383656 and 359941?
527
What is the greatest common factor of 4463300 and 1800?
100
What is the greatest common divisor of 27331734 and 577514?
11786
What is the greatest common factor of 6232 and 268222?
82
What is the greatest common divisor of 290934 and 24318?
126
What is the highest common divisor of 14710554 and 1107?
369
Calculate the greatest common divisor of 8848 and 997928.
632
Calculate the highest common factor of 536 and 25635696.
8
What is the greatest common factor of 31976280 and 525?
105
What is the highest common divisor of 1145 and 30141896?
229
Calculate the greatest common factor of 119 and 176800561.
119
What is the highest common factor of 20276 and 97085324?
548
What is the highest common factor of 2641240295 and 205?
205
Calculate the highest common factor of 209920685 and 4030.
2015
What is the greatest common factor of 248299060 and 120?
20
What is the highest common divisor of 132622434 and 3279?
3279
What is the highest common divisor of 3869926 and 2272?
142
Calculate the highest common divisor of 267276 and 3876.
12
Calculate the greatest common factor of 10572 and 699291988.
3524
What is the highest common divisor of 2132612 and 370988?
2276
What is the highest common factor of 249007273 and 191?
191
What is the highest common factor of 1907040 and 79344?
1392
Calculate the greatest common factor of 12385 and 74976313.
2477
Calculate the greatest common divisor of 261 and 85002364.
29
What is the greatest common divisor of 156 and 575872908?
156
Calculate the greatest common factor of 2905 and 576198035.
2905
What is the highest common factor of 36 and 28045140?
12
What is the highest common divisor of 1529 and 9188773?
11
What is the highest common factor of 15996 and 5028324?
372
Calculate the highest common factor of 99237893 and 46.
23
What is the highest common factor of 10475329 and 148?
37
What is the greatest common factor of 3803852 and 68?
68
What is the greatest common divisor of 65055 and 19815?
15
Calculate the highest common divisor of 1781571456 and 16.
16
Calculate the highest common factor of 1388 and 16346476.
1388
What is the highest common factor of 2961 and 2990547?
63
What is the highest common factor of 4874050 and 500?
50
What is the greatest common divisor of 1522 and 583088854?
1522
What is the greatest common factor of 224639 and 55255715?
5479
Calculate the greatest common divisor of 3108600 and 26048.
88
Calculate the greatest common factor of 12 and 33265668.
12
What is the highest common divisor of 667005 and 2595?
15
What is the greatest common divisor of 682195 and 5375?
215
Calculate the greatest common divisor of 99 and 153021.
33
Calculate the greatest common factor of 67 and 73235489.
67
Calculate the highest common factor of 1394 and 149650.
82
What is the greatest common divisor of 7884 and 1431822?
438
What is the highest common factor of 26295481 and 73525?
2941
What is the greatest common divisor of 441324572 and 13182?
4394
Calculate the highest common divisor of 49566 and 48114.
66
What is the highest common factor of 18686080 and 1360?
80
What is the highest common divisor of 32444916 and 126?
42
Calculate the highest common factor of 5373075 and 1736.
31
What is the highest common divisor of 527 and 239848767?
527
Calculate the greatest common factor of 290 and 2477961115.
145
What is the greatest common divisor of 1278844 and 1652?
28
Calculate the greatest common factor of 110459492 and 9152.
572
Calculate the highest common factor of 14145 and 575805.
345
Calculate the highest common factor of 10139308 and 96950.
554
What is the highest common factor of 366 and 14925360?
6
What is the highest common factor of 502550 and 585350?
1150
What is the greatest common divisor of 61460 and 201320?
140
Calculate the greatest common factor of 424428 and 1130904.
1356
What is the greatest common divisor of 340704 and 141624?
504
Calculate the highest common divisor of 3042 and 78319917.
117
What is the greatest common factor of 156 and 4725564?
12
Calculate the highest common divisor of 133767 and 551088.
801
What is the greatest common divisor of 5314 and 181592665?
2657
Calculate the highest common factor of 17408 and 3622292.
68
Calculate the highest common divisor of 11 and 485499531.
11
Calculate the greatest common divisor of 25472 and 143678.
398
Calculate the highest common divisor of 613975 and 51250.
1025
Calculate the highest common factor of 12519 and 301419.
963
Calculate the greatest common factor of 60832822 and 8626.
454
What is the highest common divisor of 458185 and 12160850?
3445
Calculate the highest common factor of 119418 and 2418.
78
What is the highest common divisor of 39238818 and 84?
6
Calculate the greatest common factor of 78455079 and 579.
579
What is the highest common divisor of 28 and 391124?
4
What is the greatest common factor of 7140397 and 2112?
11
Calculate the highest common divisor of 92988 and 4069332.
4428
Calculate the highest common factor of 26418 and 9664823.
119
Calculate the highest common factor of 28332404 and 40.
4
Calcul